est common divisor of 1938 and 2998358?
34
Calculate the highest common factor of 1430455 and 862003.
373
What is the greatest common factor of 364 and 89585587?
91
What is the highest common divisor of 276965 and 23465?
65
Calculate the greatest common factor of 354352 and 2700.
4
Calculate the greatest common factor of 212078 and 304.
38
Calculate the highest common divisor of 42736914 and 594.
198
Calculate the greatest common divisor of 1486726230 and 740.
370
What is the highest common divisor of 286016 and 343568?
1744
What is the greatest common factor of 365221 and 67997?
701
Calculate the highest common divisor of 997760 and 1764788.
6236
Calculate the highest common factor of 504 and 165224934.
126
What is the highest common factor of 801 and 297471375?
801
Calculate the greatest common factor of 33017 and 9899557.
241
Calculate the highest common factor of 2559 and 18309.
3
What is the greatest common factor of 610 and 5759498?
122
What is the greatest common divisor of 1174596 and 5776?
4
Calculate the highest common factor of 6912 and 759168.
1152
Calculate the greatest common factor of 41600 and 30147325.
325
What is the highest common factor of 2018791 and 1739?
47
What is the greatest common factor of 339485 and 132655?
215
What is the highest common factor of 13593 and 439113?
591
What is the highest common divisor of 229 and 39196327?
229
Calculate the highest common divisor of 6399 and 228512556.
2133
What is the highest common factor of 17675250 and 4500?
750
Calculate the greatest common divisor of 7158 and 166849401.
3579
What is the highest common factor of 705144 and 2244?
132
What is the greatest common divisor of 625 and 95331875?
625
What is the greatest common factor of 90 and 10721085?
15
What is the greatest common factor of 315558206 and 138?
46
Calculate the highest common factor of 139036544 and 4.
4
What is the greatest common divisor of 11 and 42654403?
11
Calculate the greatest common divisor of 84 and 544186104.
84
What is the highest common divisor of 82775 and 3905?
55
What is the highest common factor of 4855716 and 4464?
1116
What is the highest common divisor of 62906 and 942525?
71
What is the highest common divisor of 58880 and 677632?
256
Calculate the highest common factor of 912 and 22536489.
57
What is the greatest common divisor of 310822552 and 23?
23
Calculate the greatest common factor of 90744379 and 11.
11
Calculate the greatest common divisor of 234000 and 225225.
2925
What is the greatest common divisor of 11897032 and 392?
56
What is the greatest common factor of 289426 and 359362?
94
Calculate the greatest common divisor of 223528700 and 130.
10
What is the highest common factor of 119 and 56041622?
119
What is the highest common divisor of 139074475 and 12625?
2525
Calculate the greatest common divisor of 6292349 and 14231.
749
What is the greatest common factor of 3573 and 261351?
9
Calculate the greatest common factor of 382 and 1875429.
191
Calculate the highest common divisor of 377 and 558287236.
377
What is the highest common factor of 12 and 48095220?
12
Calculate the highest common factor of 9264 and 7050097.
193
Calculate the highest common divisor of 409136 and 1218.
14
Calculate the highest common factor of 223512 and 77562.
834
What is the greatest common factor of 467182243 and 22?
11
Calculate the greatest common divisor of 29677 and 16599.
503
What is the highest common factor of 248714 and 59644?
74
What is the greatest common divisor of 5055 and 308417682?
1011
Calculate the highest common divisor of 2163 and 5411.
7
Calculate the greatest common divisor of 8172 and 280057164.
2724
Calculate the greatest common factor of 1597 and 101597946.
1597
Calculate the greatest common divisor of 15379019 and 115.
23
What is the highest common factor of 45500 and 4917500?
3500
What is the greatest common factor of 125093187 and 648?
27
What is the greatest common divisor of 774 and 143378598?
258
Calculate the highest common divisor of 284 and 368826966.
142
Calculate the highest common factor of 4251 and 4903692.
327
Calculate the highest common factor of 2152 and 111944.
8
Calculate the highest common divisor of 2429 and 184373.
7
What is the greatest common divisor of 145165372 and 132?
44
Calculate the highest common factor of 20313756 and 1284.
12
Calculate the highest common divisor of 59829 and 913143.
231
Calculate the greatest common factor of 11528340 and 79945.
1355
Calculate the greatest common factor of 2456 and 210779446.
614
What is the highest common factor of 828100 and 617526?
2366
What is the greatest common factor of 120 and 43204176?
24
What is the highest common factor of 4884 and 18472872?
132
What is the highest common divisor of 828 and 18336566?
46
Calculate the greatest common factor of 495781 and 1104532.
143
What is the greatest common factor of 107852 and 9676?
236
Calculate the highest common factor of 17670 and 1285198.
1178
Calculate the highest common divisor of 172508 and 203008.
244
Calculate the highest common divisor of 55 and 15052917.
11
What is the highest common divisor of 12282 and 9887838?
138
Calculate the highest common divisor of 4627771 and 194188.
1129
Calculate the greatest common factor of 1186380 and 172692.
1404
Calculate the highest common divisor of 206 and 140388382.
206
Calculate the greatest common factor of 114 and 3004394.
38
What is the highest common factor of 1007103976 and 4776?
1592
Calculate the greatest common divisor of 6787032 and 5254.
142
Calculate the greatest common divisor of 1275 and 12155340.
255
What is the highest common factor of 169884 and 3856633?
121
What is the highest common divisor of 18 and 1424673?
9
What is the greatest common factor of 4336 and 11439452?
1084
Calculate the highest common factor of 107004 and 6180.
12
What is the greatest common divisor of 8 and 606947696?
8
What is the highest common factor of 14428716 and 34?
34
What is the greatest common divisor of 342240 and 1150?
230
Calculate the greatest common divisor of 114481239 and 2868.
717
What is the highest common factor of 58087355 and 85?
5
Calculate the greatest common factor of 818 and 89692.
2
What is the highest common divisor of 6543 and 94893129?
6543
What is the greatest common divisor of 13819646 and 10?
2
What is the greatest common factor of 14483 and 91?
7
What is the highest common factor of 14350 and 153650?
350
What is the highest common divisor of 60 and 11499108?
12
Calculate the highest common divisor of 288526 and 180782.
518
Calculate the greatest common divisor of 489280 and 5676.
44
Calculate the greatest common factor of 752 and 3974416.
16
What is the highest common divisor of 4486685 and 245?
245
Calculate the highest common divisor of 8359692 and 516.
12
What is the greatest common divisor of 152200458 and 162?
162
What is the greatest common divisor of 10850 and 563080?
70
Calculate the greatest common divisor of 920 and 413333920.
920
What is the highest common divisor of 9620874 and 8326?
362
What is the highest common factor of 23463 and 27798441?
2607
What is the greatest common factor of 15862980 and 5064?
2532
Calculate the greatest common factor of 391 and 65021483.
23
Calculate the highest common divisor of 74 and 158442806.
74
Calculate the highest common factor of 2688282 and 1026.
54
Calculate the greatest common divisor of 781985 and 400345.
145
Calculate the highest common factor of 6968 and 62504.
104
What is the greatest common divisor of 50 and 2418725?
25
What is the greatest common factor of 1673 and 27671?
7
Calculate the greatest common divisor of 6435 and 174191589.
1287
Calculate the highest common divisor of 210889 and 121730.
329
Calculate the greatest common divisor of 516113 and 127049.
377
Calculate the greatest common factor of 1864 and 237427.
233
What is the highest common divisor of 244513041 and 2319?
2319
Calculate the highest common factor of 2275732084 and 436.
436
Calculate the highest common factor of 48548 and 12603702.
458
Calculate the highest common factor of 1506474 and 1213866.
2286
Calculate the greatest common factor of 53 and 333476.
53
Calculate the greatest common factor of 196667 and 24704.
193
What is the highest common factor of 54 and 219438963